{"id":15,"date":"2025-01-17T08:02:07","date_gmt":"2025-01-17T08:02:07","guid":{"rendered":"https:\/\/www.networkgiovani.net\/?page_id=15"},"modified":"2025-01-17T08:02:07","modified_gmt":"2025-01-17T08:02:07","slug":"comune-di-inzago","status":"publish","type":"page","link":"https:\/\/www.networkgiovani.net\/?page_id=15","title":{"rendered":"Comune di Inzago"},"content":{"rendered":"\n<figure class=\"wp-block-image size-full\"><img loading=\"lazy\" decoding=\"async\" width=\"205\" height=\"206\" src=\"https:\/\/www.networkgiovani.net\/wp-content\/uploads\/2025\/01\/image.png\" alt=\"\" class=\"wp-image-16\" srcset=\"https:\/\/www.networkgiovani.net\/wp-content\/uploads\/2025\/01\/image.png 205w, https:\/\/www.networkgiovani.net\/wp-content\/uploads\/2025\/01\/image-150x150.png 150w\" sizes=\"auto, (max-width: 205px) 100vw, 205px\" \/><\/figure>\n\n\n\n<p>A Inzago l&#8217; INFORMAGIOVANI \u00e8 in via Piola 10 presso il Centro Culturale De Andr\u00e8<\/p>\n\n\n\n<p>ATTENZIONE!!! IL SERVIZIO \u00e8 MOMENTANEAMENTE CHIUSO IN ATTESA DEL RINNOVO DEL CONTRATTO CON L&#8217;ENTE GESTORE<\/p>\n\n\n\n<p>ORARI DI APERTURA:<\/p>\n\n\n\n<p>luned\u00ec dalle 20,30 alle 22,00 &#8211; marted\u00ec dalle 15,00 alle 18,30 &#8211; venerd\u00ec dalle 15,00 alle 18,00<\/p>\n\n\n\n<p>telefono: 02.95.314.229<\/p>\n\n\n\n<p>email: informagiovani@comune.inzago.mi.it<\/p>\n\n\n\n<p>f<\/p>\n\n\n\n<p>acebook: informagiovani inzago<\/p>\n\n\n\n<figure class=\"wp-block-image size-full is-resized\"><img loading=\"lazy\" decoding=\"async\" width=\"540\" height=\"379\" src=\"https:\/\/www.networkgiovani.net\/wp-content\/uploads\/2025\/01\/image-1.png\" alt=\"\" class=\"wp-image-17\" style=\"width:155px;height:auto\" srcset=\"https:\/\/www.networkgiovani.net\/wp-content\/uploads\/2025\/01\/image-1.png 540w, https:\/\/www.networkgiovani.net\/wp-content\/uploads\/2025\/01\/image-1-300x211.png 300w\" sizes=\"auto, (max-width: 540px) 100vw, 540px\" \/><\/figure>\n\n\n\n<p>guarda i video realizzati dall&#8217;Informagiovani: Giovaninzago<\/p>\n","protected":false},"excerpt":{"rendered":"<p>A Inzago l&#8217; INFORMAGIOVANI \u00e8 in via Piola 10 presso il Centro Culturale De Andr\u00e8 ATTENZIONE!!! IL SERVIZIO \u00e8 MOMENTANEAMENTE CHIUSO IN ATTESA DEL RINNOVO DEL CONTRATTO CON L&#8217;ENTE GESTORE ORARI DI APERTURA: luned\u00ec dalle 20,30 alle 22,00 &#8211; marted\u00ec dalle 15,00 alle 18,30 &#8211; venerd\u00ec dalle 15,00 alle 18,00 telefono: 02.95.314.229 email: informagiovani@comune.inzago.mi.it f [&hellip;]<\/p>\n","protected":false},"author":1,"featured_media":0,"parent":0,"menu_order":0,"comment_status":"closed","ping_status":"closed","template":"","meta":{"footnotes":""},"class_list":["post-15","page","type-page","status-publish","hentry","entry"],"_links":{"self":[{"href":"https:\/\/www.networkgiovani.net\/index.php?rest_route=\/wp\/v2\/pages\/15","targetHints":{"allow":["GET"]}}],"collection":[{"href":"https:\/\/www.networkgiovani.net\/index.php?rest_route=\/wp\/v2\/pages"}],"about":[{"href":"https:\/\/www.networkgiovani.net\/index.php?rest_route=\/wp\/v2\/types\/page"}],"author":[{"embeddable":true,"href":"https:\/\/www.networkgiovani.net\/index.php?rest_route=\/wp\/v2\/users\/1"}],"replies":[{"embeddable":true,"href":"https:\/\/www.networkgiovani.net\/index.php?rest_route=%2Fwp%2Fv2%2Fcomments&post=15"}],"version-history":[{"count":1,"href":"https:\/\/www.networkgiovani.net\/index.php?rest_route=\/wp\/v2\/pages\/15\/revisions"}],"predecessor-version":[{"id":18,"href":"https:\/\/www.networkgiovani.net\/index.php?rest_route=\/wp\/v2\/pages\/15\/revisions\/18"}],"wp:attachment":[{"href":"https:\/\/www.networkgiovani.net\/index.php?rest_route=%2Fwp%2Fv2%2Fmedia&parent=15"}],"curies":[{"name":"wp","href":"https:\/\/api.w.org\/{rel}","templated":true}]}}